s (-32 - -33)*p/1 composite?
False
Let a(s) be the second derivative of 373*s**5/10 - s**3/6 + s**2/2 + 14*s. Let z be a(1). Suppose z = 2*n - 0*n. Is n composite?
False
Let u = -37 - -55. Suppose 2*m - 11*m - u = 0. Is (-18692)/(-10) + -2 + m/10 composite?
False
Let c(s) be the second derivative of 0 + 11/12*s**4 + 7/6*s**3 + 20*s - 1/2*s**2. Is c(-6) composite?
False
Let t be (-36)/27*123/(-2). Let i = 187 - t. Let h = i - -326. Is h a composite number?
False
Let c be 2 + 0/1 + 1. Let a(q) = q**2 - 16*q + 41. Let y be a(13). Suppose y*d - 5*v - 3923 = 0, 6*d + v = c*d + 5842. Is d a composite number?
False
Let m = 272 + 66. Let x = m - 87. Is x composite?
False
Suppose 0 = 2*p + 10, 540*r - 782970 = 535*r + 5*p. Is r a prime number?
True
Suppose -29443 = -4*w + 21905. Suppose 2742 = -3*d + w. Is d prime?
False
Suppose 4*w = -11*f + 8094465, -4*f = 9*w - 5*w - 2943424. Is f prime?
False
Let b(s) = 41*s + 4. Suppose 0 = 2*a + v - 5, a = -4*v - 6 - 2. Let z be b(a). Suppose -u = 23 - z. Is u composite?
True
Let c = 1951 + -1952. Let r(g) = -365*g + 14*g + 1 - 181*g. Is r(c) a composite number?
True
Let s = 683 - 200. Let b = 862 - s. Is b a composite number?
False
Let a be (12/(-21))/(1/(-7)). Let y be 20 + (0/a - 5). Suppose 7*u = y*u - 6824. Is u a prime number?
True
Suppose -18*s + 22*s - 3*o = 40714, 3*s - 2*o - 30537 = 0. Is s a prime number?
False
Let f(t) = 8*t + 5. Let i be f(2). Let k be -10*i/6 - 0. Let m = 1542 - k. Is m composite?
True
Let w(i) = -5*i**2 - 2*i + 1. Let x be w(-1). Let l be (1 + x)/(7/(-9989)). Let f = l - 178. Is f prime?
True
Let g be ((-14)/35)/(8/110)*-2. Suppose -3*w + g = z, 1 + 2 = -3*z + 3*w. Is 849 + (-4)/(z + -3) composite?
False
Is (-1075064)/(-5) + (-162)/(-135) a prime number?
False
Let u(f) = -5*f**3 + 66*f**2 - 12*f - 8. Let q be u(13). Suppose 8159 = i - 3*w, -q*w - 804 = i - 8931. Is i prime?
True
Let n(d) = -7*d**2 - 233*d + d**2 - 21 - d**3 - d**2 + 243*d. Is n(-9) a prime number?
False
Let x(i) = i**3 - 19*i**2 + 35*i - 17. Let g be x(17). Suppose -2*n + n + 178 = g. Is n a prime number?
False
Is -301*(0 - 775) + 3*(-12)/(-9) prime?
True
Suppose -q = -3*c + 114615, 5*c + 17*q = 12*q + 191005. Suppose -3*f - 38204 = -4*n - 2*f, 0 = 4*n + 2*f - c. Is n a prime number?
True
Suppose 0 = 7*c - 3*c - 64. Suppose a = -3*a + c. Is (3 + a - 4) + 388 a composite number?
True
Let k = -161 - -57. Let w be (-2091)/(-13) + (-16)/k. Suppose -w = -2*r + 963. Is r composite?
True
Suppose -x + 5*t + 11733 = -144394, 3*x + 5*t - 468541 = 0. Is x prime?
False
Suppose 110*n - 105*n = 1615. Let s = 472 - n. Is s prime?
True
Let z(j) = -2*j - 70. Let l be z(0). Let h = l + 86. Let y = 23 - h. Is y a composite number?
False
Let n(y) = -125658*y + 7611. Is n(-4) a prime number?
False
Let l(q) = 4*q**2 + 21*q - 213. Is l(8) prime?
True
Suppose 3*r = -2*u - 1, 3*u = -5*r - 0*r. Let g(q) = -8*q**2 + 2*q**3 - 7 - 14*q + 4*q**r + 3*q**2. Is g(8) composite?
False
Let h be (((-48)/9)/8)/((-4)/18). Let c(n) be the first derivative of 46*n**2 - 9*n + 3. Is c(h) a prime number?
False
Let q(f) = f**3 - 10*f**2 + 4. Let i be q(10). Let y = -203 - -279. Suppose 0 = 2*t - 2, -y = -i*c + 2*t + 14. Is c composite?
False
Let n(h) = h**2 - 14. Let m be n(4). Suppose p + 3*p + 2358 = m*q, -5*q + 5*p = -5885. Suppose 2*k + 3*k - q = 0. Is k a prime number?
False
Let k(c) = 65*c**3 - 12*c**2 + 22*c - 8. Let t be k(9). Suppose 24*b - 389635 = -t. Is b a prime number?
True
Suppose -w + 226294 = -3*g, 436008 + 695255 = 5*w + 8*g. Is w prime?
True
Let b = -254122 + 455093. Is b a prime number?
True
Let n(w) = 112*w**2 - 46*w - 107. Is n(-17) a composite number?
True
Let b be ((-171)/(-18))/(3/(-282)). Let g(x) = 25*x**3 + 6*x**2 + 2*x - 3. Let f be g(-4). Let n = b - f. Is n a composite number?
True
Suppose 2*k + 4*y = 380254 - 34916, 4*k - 5*y - 690637 = 0. Is k a prime number?
True
Let p be 2/(-1)*(882030/(-20) - -9). Suppose -4*l + 60238 = 3*u - 27975, -3*l - p = -3*u. Is u prime?
True
Suppose 0 = -21*g + 24*g - 12. Suppose 0 = 5*a + 2*j - 7 - 3, 3*a - g*j + 20 = 0. Is (4 - -297 - 0) + a a prime number?
False
Suppose 3*v - 5 - 31 = 0. Is -1087*(8/v + (-10)/6) a prime number?
True
Let b(l) = 3*l**2 + 5*l + 26. Let d be b(-14). Let t = d - -1197. Is t composite?
False
Let p(y) = -y**2 + 4*y + 10973. Let l be p(0). Let c = -5260 + l. Is c prime?
False
Let j(h) = 62*h - 285. Let p be j(5). Suppose -p*f + 32*f = 70546. Is f prime?
False
Let d = 59234 + -24762. Suppose -t = 7*t - d. Is t prime?
False
Suppose -3*d - d = -p - 17, -5*p = -3*d. Suppose -d*b + 4 - 32 = -2*t, 3*b = 0. Is (1 - 5) + 1330/t a prime number?
False
Suppose 0 = -2902*r + 2891*r + 35761. Is r composite?
False
Let k = -294 - -336. Let z = k - -91. Is z prime?
False
Let n = 3 - -37. Suppose -2*c - y - 3*y = -n, 82 = 5*c + 4*y. Suppose c*j - 11655 = -3857. Is j prime?
True
Let y be (-1)/((-6)/36*-6). Is (-1)/y + -3 + (4047 - 6) composite?
True
Let z(f) = -f**2 + 10*f - 20. Let t be z(4). Suppose -m - 4*m - 3*g + 3350 = 0, t*m + 3*g - 2683 = 0. Is m a prime number?
False
Is (19 - (-159970)/(-20))/((-2)/4) a prime number?
True
Suppose j - 6035 - 3254 = 4*u, -18563 = -2*j + 3*u. Is j composite?
False
Suppose 52*o - 39*o - 490589 - 271120 = 0. Is o a composite number?
True
Is (18841/454)/((-2)/(-5692)) composite?
True
Let s(k) = -k**2 - 10*k + 9. Let v be 3*-1*(-2 + 26/6). Let i be s(v). Suppose 970 = 4*b + i. Is b a composite number?
True
Is 64/(-192)*(-3826506)/4*2 a prime number?
True
Suppose 0 = 5*z + 16 - 86. Suppose -4 = -9*v + z. Suppose v*u - 2*h - 2178 = -h, 2*u - 4*h - 2190 = 0. Is u prime?
True
Let r(b) be the third derivative of 5*b**4/24 - 35*b**3/6 + 16*b**2. Let p be r(7). Suppose 6*u - 59 - 55 = p. Is u a composite number?
False
Let h = 4485 - 272. Suppose -a - h = -0*a - 5*t, 2*a = -2*t - 8390. Is a*(-1)/22 + (-4)/(-22) prime?
True
Let m = 679487 - 310548. Is m a composite number?
False
Let o(r) = -r**2 - 55*r + 13. Let x = -236 + 436. Suppose 7*q + 3*q + x = 0. Is o(q) a composite number?
True
Let i(x) = -x**2 + x - 1. Let j(q) = 10*q**3 - 3*q**2 - 6*q - 8. Let t(l) = -i(l) + j(l). Suppose -5*g = 5*f - 10, -4*f - 3*g + 3 = -7. Is t(f) prime?
False
Let o(t) = 3*t**2 - 7*t - 7. Let s(q) = -q**2 - q - 1. Let j(r) = o(r) - 4*s(r). Let u = -9 + 6. Is j(u) a prime number?
False
Let j(p) = 7*p - 18. Let w be j(2). Let h be 3/18*w + 24/9. Suppose -5*t = -5*q + 22755, 4*t + 3997 - 13075 = -h*q. Is q prime?
True
Let j be (0 + -1 - 104568)*-1. Suppose 19*u - 52846 = j. Is u composite?
True
Is 15/240 + 47850138/96 prime?
True
Let b be 76/(-570) + 206/(-30). Is 2/(-4) + 874/(-4)*b prime?
False
Suppose -4*l + 75413 = f, 8*f = 5*l + 12*f - 94269. Let v = -10790 + l. Is v a composite number?
True
Suppose -15*a + 23*a = 104. Suppose 5*n + 14*w - a*w = 12546, 1 = w. Is n prime?
False
Let o = -801 + 3651. Suppose -5*h - o = -10*h. Suppose -114 + h = 8*f. Is f prime?
False
Let k be 27 + -29 - (-5 + 0). Suppose -a + 1403 + 5339 = k*i, -20216 = -3*a + i. Is a composite?
True
Let r(i) = i**2 + 15*i + 19. Let z be r(-14). Suppose -2*s = b - 4, -b = 5*s - 8 - z. Is (1 - b/(-2)) + (-2 - -547) a prime number?
False
Let l(c) = -c**3 + 27*c**2 - 10*c + 15. Suppose 1 = -b + 15. Let t = b + 9. Is l(t) a composite number?
False
Let y = -23124 + 33007. Suppose 11*k = 10335 + y. Is k a prime number?
False
Let g(j) = 3623*j**2 - 35*j - 47. Is g(6) prime?
True
Let d(j) = -j + 339. Let v = -213 + 213. Is d(v) composite?
True
Let k be 0/(2*(-3)/3). Suppose 28*j - 32*j + 496 = k. Let y = 737 - j. Is y a composite number?
False
Let r(y) = -y**2 + 2. Let q(s) = 147*s**2 + 40. Let a(x) = q(x) - 2*r(x). Is a(5) composite?
False
Let i = 8 - 4. Suppose -5*g = i*t - 32, -2*t - 9 = -t - 3*g. Suppose f - 2*k - 6469 = -2*f, t*k - 8597 = -4*f. Is f composite?
False
Let o(y) = 3482*y - 1843. Is o(40) a prime number?
True
Let u = 30784 - 9793. Suppose 3*b - u = -o + 4*o, 5*b + o - 34967 = 0. Is 5/((-20)/(-12)) + b prime?
True
Let c(k) = 6*k**2 - 2*k + 1. Let d be c(-4). Let h be (-1)/(d/(-20) - -5). Suppose 0 = h*o - 4, 4*o = 3*t - 3753 - 2402. Is t composite?
False
Let k = 202 + -234. Is -1402*(-2 + 4/(k/(-12))) a prime number?
True
Let s = -30 + 111. Suppose 77*h = s*h - 28124. Is h composite?
True
Let n(z) = -8*